{"id":626,"date":"2018-11-14T12:21:31","date_gmt":"2018-11-14T14:21:31","guid":{"rendered":"https:\/\/nesma.sertao.ifrs.edu.br\/?page_id=626"},"modified":"2018-11-14T12:21:31","modified_gmt":"2018-11-14T14:21:31","slug":"regulagens-de-maquinas","status":"publish","type":"page","link":"https:\/\/portais.sertao.ifrs.edu.br\/nesma\/regulagens-de-maquinas\/","title":{"rendered":"Regulagens de m\u00e1quinas"},"content":{"rendered":"<p>Esta p\u00e1gina tem objetivo de lhe auxiliar na regulagens de algumas m\u00e1quinas, para tal, escolha abaixo:<\/p>\n<ul>\n<li><a href=\"https:\/\/nesma.sertao.ifrs.edu.br\/como-regular-a-distribuicao-de-semente-na-semeadora-plantadeira\/\">Como regular a distribui\u00e7\u00e3o de semente na semeadora (plantadeira)<\/a><\/li>\n<li><a href=\"https:\/\/youtu.be\/VH9pBuLwJ3I\">Como regular a distribui\u00e7\u00e3o de fertilizante na semeadora (plantadeira)<\/a><\/li>\n<li>Como regular o pulverizador<\/li>\n<li>Como regular o atomizador para pomares<\/li>\n<li>Como achar as perdas na colheita<\/li>\n<li>Como regular a grade aradora<\/li>\n<\/ul>\n","protected":false},"excerpt":{"rendered":"<p>Esta p\u00e1gina tem objetivo de lhe auxiliar na regulagens de algumas m\u00e1quinas, para tal, escolha abaixo: Como regular a distribui\u00e7\u00e3o de semente na semeadora (plantadeira) Como regular a distribui\u00e7\u00e3o de fertilizante na semeadora (plantadeira) Como regular o pulverizador Como regular o atomizador para pomares Como achar as perdas na colheita Como regular a grade aradora<\/p>\n","protected":false},"author":1,"featured_media":0,"parent":0,"menu_order":0,"comment_status":"closed","ping_status":"closed","template":"","meta":{"_acf_changed":false,"footnotes":""},"class_list":["post-626","page","type-page","status-publish","hentry"],"acf":[],"_links":{"self":[{"href":"https:\/\/portais.sertao.ifrs.edu.br\/nesma\/wp-json\/wp\/v2\/pages\/626","targetHints":{"allow":["GET"]}}],"collection":[{"href":"https:\/\/portais.sertao.ifrs.edu.br\/nesma\/wp-json\/wp\/v2\/pages"}],"about":[{"href":"https:\/\/portais.sertao.ifrs.edu.br\/nesma\/wp-json\/wp\/v2\/types\/page"}],"author":[{"embeddable":true,"href":"https:\/\/portais.sertao.ifrs.edu.br\/nesma\/wp-json\/wp\/v2\/users\/1"}],"replies":[{"embeddable":true,"href":"https:\/\/portais.sertao.ifrs.edu.br\/nesma\/wp-json\/wp\/v2\/comments?post=626"}],"version-history":[{"count":0,"href":"https:\/\/portais.sertao.ifrs.edu.br\/nesma\/wp-json\/wp\/v2\/pages\/626\/revisions"}],"wp:attachment":[{"href":"https:\/\/portais.sertao.ifrs.edu.br\/nesma\/wp-json\/wp\/v2\/media?parent=626"}],"curies":[{"name":"wp","href":"https:\/\/api.w.org\/{rel}","templated":true}]}}